vided by x.
72
Let x = 20475 - 20436. What is the remainder when 1974 is divided by x?
24
Let t(m) = -m**3 - 44*m**2 - 59*m - 182. What is the remainder when t(-43) is divided by 10?
6
Suppose 2*r = -g + 7966, 7*g - 3*g - 5*r - 31773 = 0. What is the remainder when g is divided by 12?
8
Suppose -11*d + 2*b = -9*d - 426, 3*b + 851 = 4*d. What is the remainder when d is divided by 16?
4
Suppose a + 3*y + 2*y = 631, -5*a + 4*y = -3097. Suppose -56*p = -47*p - a. Calculate the remainder when p is divided by 18.
15
Let i = -21244 - -21249. What is the remainder when 3234 is divided by i?
4
Let v = 1970 - 1698. Calculate the remainder when 1034 is divided by v.
218
Let s be 2/(-8) + (-2056)/(-32). Let r = s + -60. Calculate the remainder when 5/(15/(-57))*-1 is divided by r.
3
Let s(p) = -2*p - 24. Suppose 4 + 11 = 3*i. Let l be 3/(-15) + (-74)/i. What is the remainder when 20 is divided by s(l)?
2
Calculate the remainder when 1467 is divided by (-1*(-8)/(-12))/((-3)/(-10008)*-8).
77
Let r(o) = -79*o**3 + o + 1. Suppose 2*d - 26 = -8. Let v be ((-6)/d)/((-14)/(-21)). Calculate the remainder when r(v) is divided by 27.
25
Let d = 5953 - 5173. Calculate the remainder when d is divided by 83.
33
Suppose -3*x = l - 1387, -3*x - 229 + 1620 = 5*l. Calculate the remainder when x is divided by 19.
6
Suppose -4*z - 5 = 2*m - 93, -2*m - 3*z = -86. What is the remainder when 875 is divided by m?
35
Suppose 7*b + 12 = 3*b, -3*b + 1866 = 3*z. Suppose z = -7*p + 12*p. What is the remainder when p is divided by 7?
6
Suppose -o - 5*w + 19 = -12, -4*w = 3*o - 71. What is the remainder when 75 is divided by o?
12
Let x = -1453 - -2312. Calculate the remainder when x is divided by 86.
85
Suppose -80*l - 1082 + 12842 = 0. Calculate the remainder when 778 is divided by l.
43
Let l(n) = n**2 - 26*n - 16. Suppose -6*u + 4 + 164 = 0. Calculate the remainder when l(u) is divided by 14.
12
Suppose -7*o = -2*o - 135. Let k(l) = -1910*l - 11192. What is the remainder when k(-6) is divided by o?
25
Suppose -719 = -80*z + 490 + 391. What is the remainder when 49 is divided by z?
9
Let o = -676 + 682. What is the remainder when 41 is divided by (4 - -2) + 12 + o?
17
Let c be ((-4)/(-3))/(1/(-3)). What is the remainder when 4272/(-120)*10/c is divided by (0 + 3)*62/6?
27
Let g = 39 + -47. Let v be -1*(-28)/6 - g/(-12). Suppose 0 = x - 3*q + v - 15, q + 77 = 4*x. Calculate the remainder when 56 is divided by x.
16
Let o(j) = -30 + 165*j**2 + 16*j + 167*j**2 - 333*j**2. Suppose 27 = 15*p - 12*p. Calculate the remainder when o(p) is divided by 6.
3
Suppose 2*b + 4*i = 24, -3*i + 15 = -b + 2. Suppose g - 52 = -b*s, 5*g - 15 = -5*s + 260. Calculate the remainder when g is divided by 14.
2
Suppose 0 = -4*w + 3*r - 20 + 8, -w + 3*r - 12 = 0. Suppose -2*x + x + 17 = w. What is the remainder when 271 is divided by x?
16
Let g(p) = -3*p + 19. Let s(f) = -3*f + 3. Let o be s(-6). Suppose -2*y = -3*q - o, q - 5*y = -q - 3. What is the remainder when g(q) is divided by 24?
22
Let j = -2 - -12. Let x = -26 - j. What is the remainder when 77 is divided by (-4)/(x/183) - 3/9?
17
Calculate the remainder when (-10)/(-4) + (-18005)/(-104)*44 is divided by 99.
96
Let j = -3 + -6. What is the remainder when 6/j - 308/(-3) is divided by 3*(-8)/(-3) + (8 - -239)/19?
18
Let q be 4864732/1230 - 2/30. Suppose 4*o = -0*o - k + q, -4925 = -5*o + 5*k. What is the remainder when o is divided by 55?
53
Let l(t) = 6*t**3 - 2*t**2 - 3*t + 3. Suppose 4*p - 18 = 2*q, 2*q - 1 = -p - 9. Calculate the remainder when 106 is divided by l(p).
32
Suppose -16*t + 11*t = -575. Suppose l = -4*l + t. Suppose z + 29 = f - 32, z - 71 = -f. What is the remainder when f is divided by l?
20
Let w be 6/(-2 - 0)*3. Let o(n) = -11965 + n**2 + 8*n + 23931 - 11951. Calculate the remainder when 93 is divided by o(w).
21
Let n = -27442 - -27603. Calculate the remainder when n is divided by 114.
47
Suppose 0 = x + 2*x + 4*f - 41, 0 = 4*x + 5*f - 55. Suppose -24*a = 239 - 2327. Suppose a = 18*u - 417. Calculate the remainder when u is divided by x.
13
Let r(h) = 2*h**3 - 10*h**2 - 4*h - 24. Calculate the remainder when r(8) is divided by 65.
3
Suppose 0 = x + 2109 - 2276. Calculate the remainder when 997 is divided by x.
162
What is the remainder when 803 is divided by ((-21)/(-9) - 1)*(-39)/(-4)?
10
Let j(l) = l**2 - 29*l - 48. Let o be j(33). Suppose -34*q + 38*q - o = 0. What is the remainder when 35 + ((-3)/(-5) - (-64)/(-40)) is divided by q?
13
Let m be ((-51)/(-34))/((-9)/(-12)). Suppose -m*i + 264 = 250. Calculate the remainder when 160 is divided by i.
6
Let k = 8432 - 8269. Calculate the remainder when 176 is divided by k.
13
Let a = 44 - 41. Let i(s) = 3*s**2 - 2*s - 15. What is the remainder when 15 is divided by i(a)?
3
Let d = 14838 - 14741. Calculate the remainder when 4259 is divided by d.
88
Let h = 66 - 229. Let l = h + 187. Calculate the remainder when l is divided by 13.
11
What is the remainder when 1426*((-1)/2 - (-7 + 3)) is divided by 16?
15
Calculate the remainder when 362 is divided by (-258 + 273)/((-3)/(-17)).
22
Suppose 14*w = -n + 11*w + 684, -1434 = -2*n + 5*w. Calculate the remainder when n is divided by 22.
20
Let c = 10307 + -10253. What is the remainder when 141 is divided by c?
33
Suppose 2*b = -3*s + 290 + 342, 0 = -2*s - b + 419. Calculate the remainder when 425 is divided by s.
13
Suppose 16*h = 23 + 441. What is the remainder when 42 is divided by h?
13
Calculate the remainder when 921 is divided by ((-175)/(-14))/(6/(-12) - -1).
21
Let s = 200 - -2129. What is the remainder when s is divided by 37?
35
What is the remainder when ((-6333)/(-21))/((-108)/(-126)) + (-1)/(-6) is divided by 126?
100
Suppose 5*r - 2*v - 207 + 45 = 0, -131 = -4*r + 3*v. Calculate the remainder when 475 is divided by r.
27
Suppose 0 = 4*b - 1 + 41. Let a(g) = -g**3 - 10*g**2 - 30*g - 32. Let h be a(-4). Calculate the remainder when ((-104)/b)/((h/10)/(-4)) is divided by 18.
16
Suppose 3*h + 54 = 369. Let y = h - -16. What is the remainder when y is divided by 42?
37
Suppose 32*o - 3*f + 79 = 33*o, 5*o - 10*f = 420. Calculate the remainder when 126 is divided by o.
44
Suppose 24 = -19*n + 7*n. What is the remainder when (2 + -1)*-48*-1 is divided by 12/(-18)*10*3/n?
8
Let p = 641 + -636. What is the remainder when 124 is divided by 80*4/50*p?
28
Suppose -k - 5*x - 1 = k, 2*x = -k + 2. Let h = 538 + -538. Suppose 0 = 5*q + a - 24, h = -4*q + 5*a - 60 + 56. What is the remainder when k is divided by q?
0
Let w = 34207 + -34034. What is the remainder when 2230 is divided by w?
154
Suppose 4*u + 19 = 2*j - 15, 4*u - 3*j = -35. Let a(d) = -14*d + 55. Calculate the remainder when a(u) is divided by 6.
5
Suppose -55 = -3*o + 2. Let q = 8 + o. What is the remainder when q is divided by 16?
11
Suppose -4065 = 5*i - 7045. Calculate the remainder when i is divided by 296.
4
Let r(j) = j**3 + 3*j**2. Let s be r(-5). What is the remainder when (s/(-2))/(1 - 4/8) is divided by 4 + 12 + 1/1?
16
Suppose m - 71 = -3*h, 0 = 3*h - 3*m + 2*m - 79. Suppose -5*j + 3*j = 2*p - 298, 4*p + 5*j - 601 = 0. Calculate the remainder when p is divided by h.
19
Let t = -92 - -180. Let y(x) = 8*x**2 - 353*x + 74. What is the remainder when t is divided by y(44)?
28
Suppose -5*b = -4*q - 892, -2*b + 2*q + 164 = -194. Calculate the remainder when 666 is divided by b.
138
Suppose 4*n = 152 - 132. Suppose -n*f + 132 = 5*c - 4*f, -c + 16 = -5*f. Calculate the remainder when c is divided by 15.
11
Suppose -5*o = -192 + 100 - 228. Calculate the remainder when 827 is divided by o.
59
Let m be -6*(-3 - (-24)/9). Suppose 5*w - 13 = 3*c, 3*c + 1 = m*c. Calculate the remainder when 44 is divided by w - 0 - ((-260)/(-5))/(-4).
14
Suppose -5*g + 706 = t - 248, 0 = 2*g - t - 383. Let j = g - 173. Let d = 13 - -40. Calculate the remainder when d is divided by j.
17
Let u(o) = 3*o + 42. Let f be u(-13). Suppose -5*k + 616 = f*k. Calculate the remainder when 148 is divided by k.
71
What is the remainder when (138329/153 - (-1)/(-9)) + -6 is divided by 34?
14
Let w be -4 - 1 - -4*(-94)/(-8). Suppose 48*i - w*i - 714 = 0. What is the remainder when i is divided by 50?
19
Suppose 4*p = -3*k + 63, -5*p - 2 = -2*k + k. Suppose 4*b - 2*z - 14 - 2 = 0, 5*b = z + k. Calculate th